. Let w(u) = 4*u**2 - u**3 + 11*u + 17 + 3*u**2 + 4*u**2. What is w(g)?
5
Let n(j) = 2*j**2 - j + 1. Suppose -696 = -8*v - 2576. Let d = 236 + v. Calculate n(d).
2
Suppose z - 2 = 2*u, 3*u - 2 = -z - u. Let g(l) = -45*l**3 + 44*l**3 - 3*l**z + 5*l**2 - 1 + 4*l. What is g(4)?
-17
Let d(a) = 3*a - 2. Let i(p) = 48*p - 48. Let y(t) = 14*d(t) - i(t). What is y(8)?
-28
Let h(y) = -4*y - 12 - 13 + 18 + 34 - 6. Calculate h(6).
-3
Let d(n) = -8*n - 101. Suppose 3*k = i + 6*k - 10, 0 = -k + 7. Calculate d(i).
-13
Let n(v) be the second derivative of v**5/20 + 7*v**4/12 - 31*v**3/6 - 8*v**2 - 331*v. Calculate n(-10).
-6
Let c be 1/4*2 + 13/2. Let g(n) be the second derivative of 1/3*n**3 + 6*n + 1/20*n**5 - 4*n**2 - 7/12*n**4 + 0. Determine g(c).
6
Let m(g) = -g**2 + 13*g + 18. Let p = -193 - -191. Let t(c) = -c - 1. Let k(q) = p*t(q) - m(q). What is k(12)?
-4
Let n(u) = 103*u + 225. Let y(j) = 17*j + 37. Let g(c) = 2*n(c) - 13*y(c). Determine g(-2).
-1
Let d(x) = 15*x - 4*x**2 - 33*x + 5*x + 15*x. Suppose 14 = -6*f + 2. Calculate d(f).
-20
Let m(n) = n**2 - 2*n - 28. Let o be 3*(-2 + 51/9). Let z be m(o). Let f = z - 66. Let a(u) = -u - 3. Determine a(f).
-8
Let u(k) = -k**3 + 3*k**2 + 4*k - 6. Let w = -66 - -70. Suppose v + 4*g - 4 = 0, 14 = -w*v + 2*g + 30. Calculate u(v).
-6
Let u(x) be the third derivative of x**7/2520 - x**6/360 - x**5/20 + 55*x**4/12 - 2*x**2 - 127. Let a(b) be the second derivative of u(b). What is a(3)?
-3
Let u = 258 + -244. Let t(i) = -10 - 12 + 42 - u - i. Determine t(6).
0
Let z(x) = x**2 + 13*x - 234. Let k be z(10). Let j(r) = r**3 + 7*r**2 + 12*r - 3. Determine j(k).
-3
Let s(l) be the third derivative of l**4/24 - 13*l**3/6 - 4*l**2 + 74*l. Give s(0).
-13
Let z(w) = -w**3 + w**2 - w. Let m be z(1). Let f(t) = -8*t - 7145*t**2 + 7*t + 7155*t**2. What is f(m)?
11
Let d(m) = m**3 + 2 - 99*m + 195*m - 95*m. Let t = 16 + -14. Calculate d(t).
12
Let z = -33 - -21. Let t = z - -17. Suppose 12 = -2*g + 2*m, -t*g - 2*m = 3*m + 40. Let s(q) = q**2 + 4*q - 9. Calculate s(g).
12
Let p = 41 - 40. Suppose 9 = -2*f - p. Let x(r) = 9*r**2 + 16*r + 7. Let a(g) = -4*g**2 - 8*g - 4. Let b(w) = 7*a(w) + 3*x(w). Determine b(f).
8
Let b = 62 - 55. Let r(h) = -6*h**2 + h**3 - h - b*h + 6 + h**2 + h**2. Let p(z) = z**3 + 4*z**2 - 5*z + 5. Let a be p(-5). What is r(a)?
-9
Suppose -42 = 3*q - 6*q. Let d = 13 + -4. Let k(i) = -2*i - 3*i + q - d - i**2. Give k(-6).
-1
Let s(x) = -x**2 + 29*x - 60. Let j be (-1*63/84)/(1*1/(-36)). What is s(j)?
-6
Let j(m) = 4*m. Let v be j(-1). Let h(c) = -c**2 + 3*c - 4. Let n(s) = -4*s**2 + 9*s - 11. Let r(x) = 7*h(x) - 2*n(x). What is r(v)?
-2
Let d(n) = 2*n**3 + 2*n**2 - 2*n. Let j be ((-360)/(-96))/((-566)/(-280) + -2). Let f = -174 + j. What is d(f)?
2
Let c(q) = -17*q**2 + 5*q + 5. Let r = 26264 - 26261. What is c(r)?
-133
Let g(q) = -q - 2. Suppose 3*l + 628 = 4*s, -5*s = l + 260 - 19. Let w = 212 + l. Calculate g(w).
2
Let h(d) = 11 - 15 + 566*d - 285*d + 8 - 277*d. Let p be (-110)/8 - 2/8. Let x = p - -8. Determine h(x).
-20
Let d(r) = -r**2 + 0*r + 2*r + 5 - 9*r. Let h(p) = 754*p**2 + 3764*p - 35. Let a be h(-5). Give d(a).
15
Let m(l) = 2*l**3 - 27*l**2 + 13*l - 2. Suppose -13 = -n - 3*q, -43*q - 1 = 2*n - 46*q. Let a be 4 + 4/(n/9). Determine m(a).
-2
Let g = -29 - -38. Suppose t - 3*r + 8*r + 6 = 0, -3*r - 26 = -5*t. Let i(l) = -2*l - 8*l - 8 + t + 5 + l**2. Calculate i(g).
-8
Let s(i) = i - 1. Suppose 0 = 5*k + 3*g + 2*g - 5, -k - 19 = -3*g. Let c be 2 - -41 - 12/k. Let a = -47 + c. What is s(a)?
-2
Suppose 927 = 79*c + c + 229*c. Let q(x) = 9*x - 21. Determine q(c).
6
Let g(l) = 5 + 31 - 7*l + 14 + 5 + 20. Calculate g(13).
-16
Let y(g) be the first derivative of g**3/3 - 51*g**2/2 - 105*g + 1389. What is y(53)?
1
Let a(z) = -z**2 + 5*z - 3. Let f be (2/(-3))/((-14)/(-63)). Let g = -84 + 80. Let y be (-6)/g*(4 - 5 - f). What is a(y)?
3
Suppose -104*v - 68 = -68. Let o(u) = 3*u + 12. Determine o(v).
12
Let t(b) = 1523*b - 86800. Let d be t(57). Let k(q) = -4*q - 3*q + 12 + 5*q. Calculate k(d).
-10
Let p(b) = 11*b - 40. Let a = 2531 + -2524. Give p(a).
37
Let y(b) = 29*b - 2. Let f(w) = 318*w - 32. Let h(u) = 2*f(u) - 22*y(u). Calculate h(14).
-48
Let z(b) be the first derivative of b**3/3 + 2*b**2 + 109. Let q = -2437 - -2431. Determine z(q).
12
Let b(g) = g**3 - 32*g**2 + 138*g - 36. Let d be b(27). Let k be (22/(-5))/((-1)/5). Let l(r) = -k*r + d*r - 24*r. Give l(-2).
2
Let o(s) = -s + 887. Let j(y) = y - 708. Let p(t) = 5*j(t) + 4*o(t). Suppose -3*m + 24 = -0*m. Let u = -13 + m. Calculate p(u).
3
Let a(z) be the third derivative of -z**6/360 - z**5/20 - z**4/12 - 59*z**3/2 - z**2 + 15. Let u(b) be the first derivative of a(b). Determine u(-4).
6
Let o(s) = -52*s - 107. Suppose 1 = -2*t - 3*q, 8*t - 6*q = -5*q - 17. What is o(t)?
-3
Let a(h) = h**2 + 8*h. Let q(v) = -3*v**2 + 26*v - 11*v**2 + 36 - 9*v - v**3. Let u be q(-15). Suppose u*s = s - 30. Give a(s).
-12
Let s(w) = -3*w**2 + 113*w - 570. Let x be s(6). Let t(c) = c**3. Determine t(x).
0
Let q(c) be the first derivative of c**6/360 - c**5/15 + c**4/8 + c**3/3 - 2*c - 95. Let n(a) be the third derivative of q(a). Let b = 8 + -1. What is n(b)?
-4
Let b(a) = -10 + 3*a**3 - 40*a**2 - 10*a - 4*a**3 - 27*a + 83. Let p be b(-39). Let h(l) = -l**2 - 4*l + 5. What is h(p)?
0
Let l = -527 - -260. Let h = 256 + l. Let v(p) = 2*p + 28. Let m(o) = o + 14. Let b(a) = 7*m(a) - 3*v(a). Calculate b(h).
3
Let u(a) = 17*a - 161. Let b = -1562 - -1571. What is u(b)?
-8
Let v(l) = l**3 + 2*l**2 - 6*l - 10. Let b be v(-2). Let z(a) = -5*a**3 + 8*a**3 - 7 + 8*a**b - a**3 + 0*a**3 + 11*a - 3*a**3. Give z(9).
11
Let b = -373 + 365. Let p(m) be the third derivative of -m**4/4 - 3*m**3/2 + 26*m**2. Determine p(b).
39
Suppose i - 12 = 5*n, -3*i + 12 + 0 = -3*n. Let f(s) = 7*s**2 - s - 6. Let t be f(n). Suppose -4*u - t + 8 = 0. Let x(d) = d**2 + 6*d - 1. Calculate x(u).
-9
Let z(c) be the second derivative of 1/6*c**3 - 3/20*c**5 + 0*c**2 + 1/6*c**4 + 2*c + 1. Give z(2).
-14
Let j(x) = -13*x - 3. Let s(i) = 116*i - 38. Let k(v) = -8*j(v) - s(v). Calculate k(7).
-22
Let k(w) = -2*w**2 - 6*w - 8. Let x(l) = -4*l**2 - 11*l - 19. Let p(o) = -5*k(o) + 2*x(o). Let i be p(-4). Let h(j) = -j. What is h(i)?
-2
Let g(w) be the third derivative of w**5/20 + 11*w**4/24 + 7*w**3/6 + 1483*w**2. What is g(-4)?
11
Let b(o) be the third derivative of 0*o**4 + 1/15*o**5 - 3*o**2 + 5/6*o**3 + 0 + 23*o - 1/120*o**6. What is b(4)?
5
Let w(o) = 40 - 8 + 19*o + 3*o + 8*o + 4*o. What is w(-1)?
-2
Let x(t) be the first derivative of -t**6/60 + t**5/120 - t**4/24 + 2*t**3/3 + 92*t + 71. Let v(b) be the third derivative of x(b). Determine v(1).
-6
Let b(z) be the third derivative of z**7/840 + z**6/90 + z**5/60 - z**4/24 - 10*z**3 - 25*z**2. Let v(l) be the first derivative of b(l). Calculate v(-2).
3
Let f(q) = -3*q - 1. Let p be f(3). Let c(r) = r**2 - 94*r + 433. Let n be c(5). Let i be -1*(-6)/n*p. Let k(w) = w**3 - 4*w**2 - 6*w + 4. What is k(i)?
-1
Suppose -3*m + 5*j = 2, 2 = -j - 3. Let b(u) = -148*u**2 + 77*u**2 + 72*u**2 + 19*u + 12 - 7*u. Calculate b(m).
-15
Let v(f) = -6*f + 6. Let u(k) = k - 1. Let r(h) = 11*u(h) + 2*v(h). Let i = -42232 + 42236. Determine r(i).
-3
Let o(r) = -40*r - 31 - 39 + 1291*r**2 + 8 - 1290*r**2 - 8. Give o(42).
14
Let h(l) = -4 + 2 + 3*l**2 - 1 + 5 + 4*l + 9*l**3. Let a be h(-1). Let r(k) = -k**3 - 8*k**2 + 2*k - 1. What is r(a)?
-17
Let n be 3/15 - 82/10. Let c(u) = -290*u + 71*u + 73*u + 46*u**2 - 39*u**2 + u**3 + 68*u + 70*u + 4. What is c(n)?
4
Suppose k = 11 - 5. Let y be (-3 + 21/k)*8. Let l(o) = -4 - o**2 - 36*o - 1 + 39*o. What is l(y)?
-9
Let z(y) be the first derivative of -124 + 1/3*y**3 + 10*y**2 + 13*y. Determine z(-19).
-6
Let d(f) = -4*f**2 - 15*f + 10. Let l(q) = 5*q**2 + 15*q - 11. Let i(m) = 6*d(m) + 5*l(m). Let v be i(14). Let z(t) = -t - 15. Determine z(v).
-6
Let a(d) = -d**3 - 3*d**2 + 5*d - 6. Let c(n) be the first derivative of -n**2 + 5*n + 58. Suppose -2*b + o = 4*o - 4, 15 = 5*b + 5*o. Let j be c(b). Give a(j).
19
Let k(s) = -7*s**3 + 16*s**2 + 8*s - 11. Let m(f) = f**3 - f**2 - f + 1. Let x(o) = -k(o) - 6*m(o). Let b be x(10). Let t(i) = 2*i + 30. Determine t(b).
0
Suppose 2*k = -h + 12, 2*h - 2*k = -3*h. Let r(n) be the first